s the ten millions digit of 302886721?
0
What is the tens digit of 22349720?
2
What is the ten millions digit of 5829344156?
2
What is the hundreds digit of 37529492?
4
What is the millions digit of 90122566?
0
What is the hundred thousands digit of 800036498?
0
What is the hundred millions digit of 3768725455?
7
What is the ten thousands digit of 124371697?
7
What is the hundreds digit of 278324979?
9
What is the thousands digit of 607587390?
7
What is the millions digit of 110791012?
0
What is the ten millions digit of 3855460928?
5
What is the hundred thousands digit of 382691978?
6
What is the hundred thousands digit of 724824595?
8
What is the hundred thousands digit of 4700682974?
6
What is the hundreds digit of 16585678?
6
What is the hundred thousands digit of 96411775?
4
What is the billions digit of 3350513856?
3
What is the hundred millions digit of 4306840791?
3
What is the hundred millions digit of 145113453?
1
What is the hundreds digit of 12959329?
3
What is the millions digit of 31778276?
1
What is the hundred thousands digit of 1215928113?
9
What is the thousands digit of 236908635?
8
What is the ten thousands digit of 738023189?
2
What is the hundred millions digit of 2096906274?
0
What is the units digit of 89000122?
2
What is the units digit of 101242277?
7
What is the tens digit of 67184940?
4
What is the hundred thousands digit of 139642734?
6
What is the units digit of 217782253?
3
What is the hundred thousands digit of 871841781?
8
What is the hundred millions digit of 248555115?
2
What is the ten thousands digit of 718097728?
9
What is the ten thousands digit of 408474183?
7
What is the tens digit of 417774083?
8
What is the ten thousands digit of 43546063?
4
What is the hundred millions digit of 1648067191?
6
What is the ten millions digit of 41170704?
4
What is the hundreds digit of 5291907541?
5
What is the millions digit of 18686218?
8
What is the hundred millions digit of 1801262389?
8
What is the hundred millions digit of 2145826866?
1
What is the tens digit of 72796?
9
What is the ten thousands digit of 279416534?
1
What is the ten millions digit of 66491751?
6
What is the hundred thousands digit of 591822107?
8
What is the units digit of 6765806543?
3
What is the hundreds digit of 60993913?
9
What is the thousands digit of 867111418?
1
What is the units digit of 280832950?
0
What is the tens digit of 428965710?
1
What is the hundred thousands digit of 3173069876?
0
What is the hundred millions digit of 185299849?
1
What is the hundreds digit of 43027796?
7
What is the millions digit of 1283738?
1
What is the ten millions digit of 2624803248?
2
What is the billions digit of 2617540955?
2
What is the millions digit of 5186265357?
6
What is the ten millions digit of 609496273?
0
What is the hundred thousands digit of 998568571?
5
What is the millions digit of 26143100?
6
What is the tens digit of 530324155?
5
What is the ten thousands digit of 4833716?
3
What is the ten thousands digit of 13162438?
6
What is the tens digit of 7798185966?
6
What is the ten millions digit of 107138580?
0
What is the hundred millions digit of 3601970491?
6
What is the units digit of 103811685?
5
What is the hundreds digit of 59784045?
0
What is the millions digit of 219172909?
9
What is the hundred thousands digit of 85723216?
7
What is the ten thousands digit of 1873470849?
7
What is the ten thousands digit of 4520878376?
7
What is the hundred thousands digit of 93572655?
5
What is the hundreds digit of 536914064?
0
What is the hundreds digit of 293980017?
0
What is the hundreds digit of 118673117?
1
What is the tens digit of 368111435?
3
What is the ten thousands digit of 481289586?
8
What is the hundred millions digit of 196357953?
1
What is the hundreds digit of 5791244?
2
What is the millions digit of 981827665?
1
What is the ten millions digit of 290805866?
9
What is the thousands digit of 4600207596?
7
What is the ten millions digit of 116134295?
1
What is the ten millions digit of 9332975619?
3
What is the units digit of 269957484?
4
What is the units digit of 65517627?
7
What is the hundred thousands digit of 78807190?
8
What is the millions digit of 31798655?
1
What is the ten millions digit of 626091210?
2
What is the thousands digit of 199862153?
2
What is the thousands digit of 4218451?
8
What is the hundreds digit of 397217595?
5
What is the ten millions digit of 173034706?
7
What is the thousands digit of 3843011103?
1
What is the tens digit of 345087851?
5
What is the hundreds digit of 35042925?
9
What is the millions digit of 1208792895?
8
What is the hundred thousands digit of 118900594?
9
What is the thousands digit of 236086776?
6
What is the thousands digit of 6386301709?
1
What is the hundreds digit of 132758133?
1
What is the ten thousands digit of 4123086463?
8
What is the millions digit of 76778243?
6
What is the units digit of 2643299002?
2
What is the hundred millions digit of 1314015986?
3
What is the thousands digit of 1339329075?
9
What is the hundreds digit of 28249678?
6
What is the thousands digit of 61113057?
3
What is the thousands digit of 1140106639?
6
What is the thousands digit of 415821315?
1
What is the hundred millions digit of 1300911375?
3
What is the millions digit of 798363940?
8
What is the hundreds digit of 49005298?
2
What is the thousands digit of 178456956?
6
What is the ten thousands digit of 45849454?
4
What is the ten thousands digit of 3123741714?
4
What is the hundred millions digit of 122016526?
1
What is the hundreds digit of 265944693?
6
What is the ten millions digit of 217491196?
1
What is the hundred thousands digit of 3894574564?
5
What is the tens digit of 8057011?
1
What is the hundreds digit of 17897359?
3
What is the millions digit of 781090462?
1
What is the millions digit of 2172203605?
2
What is the millions digit of 306133387?
6
What is the ten thousands digit of 1397085949?
8
What is the hundred millions digit of 3360695964?
3
What is the ten millions digit of 6241531357?
4
What is the thousands digit of 116506831?
6
What is the hundreds digit of 390967936?
9
What is the ten millions digit of 1161648847?
6
What is the hundreds digit of 72118139?
1
What is the hundred thousands digit of 61143868?
1
What is the hundreds digit of 285047576?
5
What is the ten millions digit of 13567750?
1
What is the hundred thousands digit of 37422860?
4
What is the ten millions digit of 954629092?
5
What is the hundred thousands digit of 59748554?
7
What is the units digit of 2495898?
8
What is the ten millions digit of 42109508?
4
What is the thousands digit of 44609274?
9
What is the ten millions digit of 253203166?
5
What is the thousands digit of 778589901?
9
What is the ten thousands digit of 54978064?
7
What is the millions digit of 559646393?
9
What is the hundred millions digit of 481587162?
4
What is the hundred millions digit of 1565257390?
5
What is the hundred thousands digit of 679281008?
2
What is the ten millions digit of 42915000?
4
What is the hundreds digit of 58588254?
2
What is the hundred millions digit of 1169838227?
1
What is the ten millions digit of 468251159?
6
What is the ten thousands digit of 74224742?
2
What is the tens digit of 397092983?
8
What is the hundreds digit of 77663476?
4
What is the thousands digit of 56778044?
8
What is the thousands digit of 574982270?
2
What is the millions digit of 2397438931?
7
What is the tens digit of 3768510837?
3
What is the millions digit of 36011877?
6
What is the units digit of 4055709986?
6
What is the hundreds digit of 623588565?
5
What is the tens digit of 494103859?
5
What is the ten thousands digit of 938245207?
4
What is the billions digit of 1971167296?
1
What is the millions digit of 102835957?
2
What is the thousands digit of 23131946?
1
What is the thousands digit of 2104910019?
0
What is the ten thousands digit of 153695395?
9
What is the billions digit of 1012497287?
1
What is the tens digit of 135293771?
7
What is the millions digit of 1859999913?
9
What is the tens digit of 80491718?
1
What is the hundred millions digit of 146984720?
1
What is the hundred thousands digit of 23445192?
4
What is the hundreds digit of 4411498?
4
What is the hundred thousands digit of 758129463?
1
What is the unit